092281 a composite number?
False
Is 124393423477 prime?
True
Is 1647224543 a composite number?
True
Is 937877389 a composite number?
True
Is 35091292081 a composite number?
True
Is 11769671261 prime?
False
Is 6667017583 prime?
True
Is 2904547097 a composite number?
True
Is 548501627 prime?
True
Is 1772198069 composite?
False
Is 51890274439 composite?
True
Is 3149528471 composite?
True
Is 6319007771 a prime number?
True
Is 29568912173 composite?
True
Is 20629740377 prime?
True
Is 3789418249 composite?
False
Is 2842673 a prime number?
False
Is 2955487263 prime?
False
Is 202709030551 a composite number?
False
Is 130201741 prime?
False
Is 818954179 composite?
True
Is 669779861 a prime number?
False
Is 130085163281 composite?
False
Is 2052323527 prime?
True
Is 1138780967 a prime number?
True
Is 5154646438 composite?
True
Is 601202111 a composite number?
True
Is 68073823 prime?
True
Is 5499558409 prime?
False
Is 21155104093 composite?
False
Is 59248213543 composite?
False
Is 371605321 a composite number?
True
Is 2297896303 prime?
False
Is 526309957253 a prime number?
True
Is 2626857841 a prime number?
True
Is 84437245707 composite?
True
Is 7278836437 composite?
True
Is 1214823697 a prime number?
False
Is 1449649657 a composite number?
False
Is 23793048113 a prime number?
True
Is 21108512398 a composite number?
True
Is 396097046 composite?
True
Is 5469853861 a prime number?
True
Is 6626299739 prime?
True
Is 1188726829 a composite number?
True
Is 156287837 prime?
True
Is 1636530353 prime?
True
Is 504020219 a prime number?
True
Is 2524502613 composite?
True
Is 39629067242 composite?
True
Is 736855619 composite?
True
Is 251100001 a composite number?
False
Is 3912735837 a prime number?
False
Is 1753580489 composite?
False
Is 322757594 composite?
True
Is 66962709271 a composite number?
False
Is 265504507 composite?
True
Is 957780569 prime?
True
Is 1308926699 composite?
False
Is 2541182503 a prime number?
False
Is 21950463253 composite?
True
Is 15982184663 prime?
False
Is 20796431653 prime?
False
Is 1686007859 prime?
False
Is 5063788817 prime?
False
Is 1988995571 composite?
True
Is 3876397445 composite?
True
Is 3785049193 prime?
False
Is 5109741313 a prime number?
False
Is 22511392691 prime?
True
Is 281307049 a composite number?
True
Is 3713998909 a prime number?
False
Is 63740178665 prime?
False
Is 14298579917 a prime number?
True
Is 1835924619 composite?
True
Is 389239951 composite?
True
Is 51874561451 a prime number?
True
Is 4332825163 a composite number?
False
Is 42300899483 a prime number?
True
Is 278713069 prime?
False
Is 6329363879 composite?
False
Is 555339709 prime?
True
Is 1864781933 composite?
True
Is 531961363 a prime number?
True
Is 109911979 a prime number?
False
Is 1631680703 composite?
False
Is 14884241429 composite?
False
Is 221043983 prime?
True
Is 412154231 prime?
True
Is 4949453 prime?
False
Is 2965380107 prime?
False
Is 3807810679 a prime number?
True
Is 276045513697 prime?
True
Is 2136077579 a composite number?
False
Is 2336916341 prime?
False
Is 11077493431 composite?
True
Is 343116353 composite?
True
Is 23049437 prime?
True
Is 20126626595 a prime number?
False
Is 1222203377 a prime number?
False
Is 12354968993 a prime number?
False
Is 1843707757 composite?
True
Is 92041228709 prime?
True
Is 1795274963 prime?
True
Is 65402408477 composite?
True
Is 245837914187 a prime number?
False
Is 149426231 composite?
True
Is 70215973493 prime?
False
Is 11935337405 a prime number?
False
Is 155670761 prime?
False
Is 1732089049 prime?
False
Is 411401687 a composite number?
False
Is 200843551 a composite number?
False
Is 12102380607 prime?
False
Is 777449207 a prime number?
True
Is 1581005407 a prime number?
True
Is 11560335487 a prime number?
False
Is 5237445727 prime?
True
Is 179816234947 a composite number?
False
Is 2432456489 a composite number?
True
Is 15681923633 prime?
False
Is 18435595 composite?
True
Is 66585243683 composite?
True
Is 29510715617 prime?
True
Is 5688975031 a composite number?
False
Is 341552041 a composite number?
False
Is 14930432269 a prime number?
False
Is 148228495 a composite number?
True
Is 1064344321 prime?
False
Is 3208594145 composite?
True
Is 448333091 composite?
False
Is 13151141447 a prime number?
True
Is 36869370157 a composite number?
True
Is 33363931189 a composite number?
False
Is 24298194457 a composite number?
False
Is 20939621453 prime?
True
Is 19716809747 prime?
True
Is 3475297213 prime?
True
Is 2356114837 a prime number?
True
Is 7738976587 composite?
False
Is 135610339 composite?
True
Is 129915463 a prime number?
False
Is 33064608419 prime?
False
Is 6045940189 composite?
True
Is 310251127 a composite number?
False
Is 340706450603 a composite number?
False
Is 300042833 a composite number?
False
Is 43345562383 composite?
True
Is 3612202871 composite?
False
Is 4402117459 a composite number?
True
Is 1213036843 a composite number?
False
Is 1046155601 composite?
False
Is 150730146317 a composite number?
False
Is 7098309241 composite?
True
Is 768127639 a composite number?
False
Is 19386740957 prime?
True
Is 745800817 composite?
False
Is 3507227783 prime?
True
Is 1384618969 composite?
True
Is 37456198933 prime?
True
Is 30362021839 prime?
True
Is 10792172153 a prime number?
False
Is 183278843 prime?
False
Is 206863213 composite?
False
Is 2978210981 a composite number?
True
Is 486295807 a composite number?
False
Is 14443695535 a prime number?
False
Is 1739239279 a prime number?
False
Is 16941480593 a prime number?
True
Is 306873353 composite?
True
Is 18112001413 a prime number?
False
Is 4637438833 a composite number?
False
Is 12322006973 a composite number?
True
Is 402125377 prime?
False
Is 432181601 prime?
True
Is 1092243787 a prime number?
True
Is 645169381 composite?
False
Is 1223229107 a prime number?
True
Is 29240840983 a composite number?
False
Is 248730336617 composite?
True
Is 3187314253 prime?
False
Is 59829248519 a prime number?
True
Is 3408132661 a prime number?
False
Is 36905918509 prime?
False
Is 569203963 prime?
True
Is 23644070327 a composite number?
True
Is 22937839255 a prime number?
False
Is 363753779 a composite number?
True
Is 1024204333 prime?
True
Is 429666781 prime?
False
Is 7886186753 a composite number?
False
Is 7181384809 a prime number?
False
Is 1136632897 prime?
False
Is 3494220173 a composite number?
True
Is 15517258207 prime?
False
Is 28545109 prime?
False
Is 724989533 composite?
True
Is 132859878917 a composite number?
True
Is 398215403 prime?
False
Is 25237053079 a prime number?
False
Is 2826580541 a prime number?
False
Is 51694357417 prime?
False
Is 3431836697 prime?
True
Is 2569657271 a prime number?
True
Is 920570437 a prime number?
False
Is 3136712879 a prime number?
False
Is 4577672249 a composite number?
False
Is 459948589 prime?
False
Is 1320851233 a prime number?
False
Is 4659793 a composite number?
False
Is 78553567 prime?
False
Is 1841995291 prime?
False
Is 2836068827 composite?
True
Is 1398139901 a prime number?
False
Is 668935471 composite?
True
Is 1056184457 a composite number?
False
Is 1367578633 a prime number?
False
Is 5083084121 a prime number?
True
Is 2146984771 a composite number?
False
Is 241750269661 a prime number?
True
Is 116729182121 a composite number?
False
Is 3355744523 a composite number?
True
Is 10723899211 a prime number?
False
Is 34272546131 composite?
False
Is 12708408079 a composite number?
False
Is 316711831 prime?
False
Is 542105999 a composite number?
False
Is 12289169903 a prime number?
True
Is 848111629 prime?
True
Is 172090427 composite?
True
Is 1822636699 a prime number?
False
Is 7463498557 a prime number?
True
Is 1300197517 prime?
True
Is 32384144893 prime?
True
Is 11208744889 composite?
False
Is 7309349401 prime?
False
Is 867009449 composite?
True
Is 1911373127 a composite number?
False
Is 2143962389 a prime number?
True
Is 199586689 prime?
True
Is 193262774 a prime number?
False
Is 8396795543 composite?
False
Is 252950657 composite?
True
Is 904070831 a prime number?
False
Is 3059723749 composite?
False
Is 11232102191 composite?
True
Is 46712225941 prime?
False
Is 55931984201 a composite number?
False
Is 46631959 composite?
True
Is 12759751 composite?
True
Is 24341275381 a prime number?
True
Is 12644387719 composite?
True
Is 4787676843 p